*x**2 + x. Let u be h(g). Suppose b = -u, -2*c + 6*c + b - 2523 = 0. Is c a composite number?
False
Is 4/(4/7205) + 30/5 a composite number?
False
Is 6 + (-8)/(-12)*(-86010)/(-4) a prime number?
True
Let t(o) = 10*o**3 + 9*o**2 - 18*o - 5. Is t(6) composite?
False
Let v(j) be the third derivative of 11*j**5/20 - 5*j**4/24 - 2*j**3 - j**2. Let x be v(8). Let y = x - 1431. Is y a prime number?
False
Let h = 1433 - 579. Suppose 3*r = -r - 3*c + h, 4*c = 4*r - 868. Is r prime?
False
Let n be 0 - 4/6*-3. Suppose -n*j + w = -4*w - 2158, -4*j = -4*w - 4316. Is j a composite number?
True
Let o(d) = -7*d + 15683. Is o(0) prime?
True
Is 1/1 + (-3 - (-524979)/13) composite?
True
Let m(j) = -179*j + 2. Let b(g) = -359*g + 3. Let p(s) = -3*b(s) + 7*m(s). Let n be p(-5). Suppose 6*c - n - 9 = 0. Is c a prime number?
True
Suppose 0 = u + u. Suppose -r + 2 = -u*r. Suppose 0 = -r*l + 7*l - 4*i - 495, 0 = 5*l - 5*i - 490. Is l a prime number?
True
Suppose -1180 = 27*w - 31*w. Is w composite?
True
Is (-6 - 1 - -16686) + -8 a prime number?
False
Let r = -35 - -37. Suppose 0 = 5*j + 3*l - 2395, -8*j + 2395 = -3*j - r*l. Is j prime?
True
Let m(q) = 3*q**3 + 9*q**2 - 21*q - 10. Let n(s) = s**3 + 4*s**2 - 10*s - 5. Let d(o) = -4*m(o) + 9*n(o). Is d(-4) a composite number?
False
Let g = 9388 - -5514. Is g a composite number?
True
Let f(u) = -256*u - 145. Is f(-12) a composite number?
False
Let n(b) be the second derivative of 135*b**4/4 - b**3/2 - b**2/2 + b. Suppose 5*s + 25 = -0*s, 3*t = -4*s - 23. Is n(t) a prime number?
False
Let a(s) = 3*s**3 - 2*s**2 - 5*s + 1. Let h(l) = -3*l - 2. Let d be h(2). Let m = d - -12. Is a(m) prime?
False
Is -2 + ((-2)/(-4)*-6 - -13086) a prime number?
False
Suppose -13*x + 400103 = -2*x. Is x composite?
False
Suppose -2*u + 9*x = 4*x - 317, -2*x - 158 = -u. Let s(h) = -24*h - 19. Let w be s(-14). Let v = w - u. Is v a prime number?
False
Suppose -2*g + 3*j + 11 = 0, 2*g - 5*j - 17 = -g. Suppose l - 125 = -g*l. Suppose 110 = 5*q + v - 75, -l = 5*v. Is q composite?
True
Suppose -2*m + 168 = -5*b, -b - 75 = -m - 3*b. Let r = m - 29. Suppose -3*u - r + 713 = 0. Is u a prime number?
False
Suppose -93 = -c + 2*x + 191, -2*x = c - 304. Suppose 5*h = 3*b + 742, -4*b - c = -2*h - 0*h. Is h composite?
False
Let l(f) = 13*f**3 - 4*f**2 - 13*f + 27. Is l(12) composite?
True
Is (-33)/11 + 7/((-7)/(-7810)) a composite number?
True
Suppose -3*w + 6721 = -2*i, 0 = -4*w + i + 7588 + 1365. Is w a composite number?
False
Let y = 60 + -15. Suppose x + 3*c = 5*c - 20, -3*x = -c + y. Let h = 67 + x. Is h a prime number?
True
Let b(t) = -t. Let d be b(4). Let s be 2/d*(-6)/(-1). Is s/18 + 3297/18 a composite number?
True
Let d be (-16)/(-24) + (-3290)/(-6). Let c = d - 212. Is c a composite number?
False
Let m(q) = 3*q**2 + 7*q**3 - 6 - 2 + 3*q + 3. Suppose 20 = 9*z - 4*z. Is m(z) a prime number?
True
Let p = -7 - 15. Let o = -23 - p. Is ((-3)/(-6))/(o/(-242)) composite?
True
Suppose -8*o = 52 - 4. Let x(b) = -b**3 + 6*b**2 + 8*b + 5. Is x(o) a prime number?
True
Suppose a + 2*q = 20157, 0 = -2*q - 3*q + 10. Is a a composite number?
True
Suppose 3*i - 4416 = -14*t + 17*t, i + t - 1470 = 0. Is i prime?
True
Let h(o) be the first derivative of 8*o**3/3 - 3*o**2/2 - 4*o + 9. Is h(-2) a composite number?
True
Let w = 949 - 608. Is (6 - 2 - 2) + w + -2 a prime number?
False
Suppose 4631 = -3*t - 4*f, -4*f - 341 = 4*t + 5831. Let a = 2172 + t. Is a prime?
True
Is 14/(154/(-33)) - -5357 composite?
True
Let m(g) = 2*g**2 - 6*g - 21. Let c be (5/10)/(2/(-76)). Is m(c) a composite number?
True
Let z(p) = p**2 + 4*p - 22. Let a be z(-7). Let b(f) = -1137*f - 14. Is b(a) a prime number?
True
Let s(y) = -9*y**3 - y**2 + y - 1. Let a be s(1). Let c = a + 8. Is (5/(-2))/(c/28) prime?
False
Let g(o) = -264*o**3 + 7*o**2 - 9. Is g(-4) composite?
True
Let p = 35 - 35. Suppose -5*o + 1314 + 271 = p. Is o a composite number?
False
Suppose 2*r + 3971 = m, -45*m + 47*m = -5*r + 7906. Is m composite?
True
Suppose 3*y + 57 = -177. Let w = -31 - y. Is w composite?
False
Let y = 342326 - 141261. Is y a composite number?
True
Let a(c) = -c**2 - 11*c + 7. Let l be -1*(-1 + 2)*0. Suppose l = q - 0*q + 11. Is a(q) a prime number?
True
Suppose -7 = s + 5*u, 5*u + 22 = 4*s - 0*u. Suppose -5*x + 87 - 18 = s*o, -2*o = -4*x - 68. Is (2710 + -2)*7/o a composite number?
False
Let i(h) = -47*h + 26. Let r be i(-7). Suppose -5*w + 240 = -r. Is w a prime number?
False
Let y be (0 + 5)/((-3)/936*-8). Is -1407*(13/y - 2/5) a prime number?
False
Suppose y = 4*y - 261. Suppose 0 = -3*q - x + 386, -2*q - 4*x = -4*q + 248. Let f = q + y. Is f composite?
True
Let q be -33*1*1/(-3). Suppose 3*i + 1992 = q*i. Is i prime?
False
Let m be ((-16)/(-6) - (-9)/27) + 0. Suppose -m*w = -4*w + 1741. Is w composite?
False
Let v(f) = -5*f**2 + 4*f - 5. Suppose 6 + 4 = -5*w. Let r(d) = 5*d**2 - 5*d + 6. Let z(m) = w*r(m) - 3*v(m). Is z(8) a composite number?
False
Let v(o) = -5*o + 22. Let i be v(4). Suppose -2*l = -i*w + 116, l + 53 - 260 = -4*w. Is w a composite number?
False
Let z(j) = j**2 + 14*j - 6. Let o be z(-14). Let f be (-6)/4 + 51/o. Let n = 35 + f. Is n prime?
False
Let y(q) = 7*q - 5. Let r be y(8). Let g = 84 - r. Is g prime?
False
Let u(x) = 41*x + 90. Is u(25) a composite number?
True
Let b(y) = 28*y**2 + 194*y - 15. Is b(-16) composite?
False
Suppose -3 = -4*p + 1. Suppose a - p = 7. Suppose 356 = -4*i + a*i. Is i composite?
False
Suppose 3*o = -2*o. Suppose -5*x + 67 - 22 = o. Let i = 298 + x. Is i composite?
False
Let d = -84 - -86. Suppose -3*b - 691 = -q + 394, -4*b = -d*q + 2174. Is q prime?
True
Let n(r) be the first derivative of -10*r**3/3 + r**2/2 - 5*r - 3. Let x(g) = 11*g**2 - g + 5. Let o(m) = -6*n(m) - 5*x(m). Is o(-6) a composite number?
False
Suppose 47*r = 36*r + 176627. Is r composite?
False
Let s(c) = 30*c + 40. Let j be s(-10). Let v = -82 - j. Is v a prime number?
False
Suppose 6*i = -13*i + 161747. Is i a prime number?
True
Let q(p) = -p**2 - 20*p - 13. Suppose 0 = -4*m + 17 + 7. Suppose 7*r = m*r - 14. Is q(r) prime?
True
Suppose 3*z - 92 = -4*p - 6, -5*p + 113 = 4*z. Let a(i) = -i**3 + 23*i**2 + 25*i - 25. Is a(z) composite?
False
Is (-19)/(1 - (-636)/(-633)) prime?
False
Let i(q) = q**3 + 13*q - 7. Let n be i(5). Let x = -100 + n. Is x prime?
True
Let v = 13474 - 6477. Is v composite?
False
Suppose -w + 2*q + 1256 = 0, -6*q + 10 = -q. Let p = w - -521. Is p a prime number?
False
Suppose 0*y - 6 = -2*y. Suppose 0 = -4*k - y - 1. Is ((-114)/12)/(k/10) prime?
False
Suppose -j - 9 = -2*n, -2*j - 19 = j - 4*n. Let x be ((-252)/(-15))/(j/(-10)). Let h = -85 + x. Is h composite?
False
Suppose s + 11346 = 2*l + 3*s, 4*l = -3*s + 22688. Is l prime?
True
Suppose -y = y + 3*l - 1285, 0 = -4*y - 2*l + 2566. Is y a prime number?
True
Let a(b) = b + 3. Let p be a(-9). Let o be (1052/(-6))/((-4)/p). Let x = -178 - o. Is x a prime number?
False
Let t(j) = j**3 + 8*j**2 - 5*j - 7. Let w be t(6). Let h = 880 - w. Let o = h + -120. Is o a composite number?
False
Is (-2)/23 - (-196470)/46 a prime number?
True
Let d = 40021 + -15410. Is d composite?
False
Suppose 3*x - 3700 = 5*x. Let h = x - -961. Let z = -602 - h. Is z a prime number?
False
Suppose -2*v - 29 + 10 = b, b = 2*v + 25. Let q = -7 - v. Suppose 292 = 3*i - 5*n, q*i + 193 = 6*i - 3*n. Is i prime?
True
Suppose -6*w + 2*w + 23034 = r, -46082 = -2*r + 6*w. Is r a composite number?
True
Let z(v) = v**2 - 11*v - 12. Let g be z(12). Suppose g = -2*o - 0*o + 1394. Is o a prime number?
False
Let l(d) = 748*d - 53. Is l(10) prime?
False
Let p = -38 + 38. Suppose 3*d - 4*z + 166 = 0, p*d - 3*z = d + 77. Let q = 65 - d. Is q a composite number?
False
Let p = 215 + -343. Let w = 718 - p. Suppose 4*m - w = -2*d, -3*d - 2*m + 1263 = m. Is d prime?
True
Suppose -466*q + 475*q = 222813. Is q a prime number?
False
Suppose 4*u - 2 = 2*u. Let t = u + -1. Is (3 - -214) + -4 + t a prime number?
False
Let x be 2 - (2 + (-5708)/(-4)). Let z be x/(-2) - (-2)/(-4). Let s = z - 459. Is s composite?
True
Let a(w) = -110*w + 9. Let t(b) = 33*b**2 - 32*b**2 - 15*b + 13 - 5. Let l be t(14). Is a(l) a prime number?
False
Let k be 24/(-32) + (6/8 - -2). Suppose 3*g = k*w + 232, 5*g - 6*g + 5*w = -99. Is g prime?
False
Suppose 2*i + v - 18782 - 8102 = 0, 5*v =